rs of 180900173.
29, 6237937
List the prime factors of 31931954.
2, 89, 179393
List the prime factors of 5520587506.
2, 7, 394327679
List the prime factors of 127973119.
199, 643081
What are the prime factors of 30385278?
2, 3, 7, 11, 1993
What are the prime factors of 72847865?
5, 2797, 5209
List the prime factors of 122330766.
2, 3, 20388461
List the prime factors of 407464281.
3, 7, 2003, 3229
What are the prime factors of 67331438?
2, 33665719
List the prime factors of 655682094.
2, 3, 12142261
List the prime factors of 3086459761.
7, 11, 61, 657113
What are the prime factors of 82809550?
2, 5, 17, 97423
List the prime factors of 221492089.
7, 13, 2433979
What are the prime factors of 1798199104?
2, 13, 2161297
List the prime factors of 113545133.
13, 53, 223, 739
List the prime factors of 3633829599.
3, 1211276533
List the prime factors of 50341200.
2, 3, 5, 7, 13, 461
List the prime factors of 36405454.
2, 18202727
What are the prime factors of 192676655?
5, 79, 487789
What are the prime factors of 122895145?
5, 24579029
List the prime factors of 7368967442.
2, 1021, 3608701
List the prime factors of 4498663.
13, 346051
What are the prime factors of 41816403?
3, 149, 31183
What are the prime factors of 95404711?
59, 1617029
What are the prime factors of 467291122?
2, 233645561
List the prime factors of 157545732.
2, 3, 17, 157, 4919
List the prime factors of 157455352.
2, 19681919
List the prime factors of 18106512.
2, 3, 377219
What are the prime factors of 453508701?
3, 19, 7956293
What are the prime factors of 2038273106?
2, 17, 59949209
What are the prime factors of 57586465?
5, 11517293
List the prime factors of 75289179.
3, 7, 443, 8093
What are the prime factors of 930114720?
2, 3, 5, 103, 6271
List the prime factors of 1370648378.
2, 11, 643, 96893
List the prime factors of 42804184.
2, 5350523
What are the prime factors of 71485673?
7, 41, 249079
List the prime factors of 1169713966.
2, 584856983
List the prime factors of 114414203.
8363, 13681
List the prime factors of 3700045559.
7, 127, 479, 8689
What are the prime factors of 159748910?
2, 5, 15974891
List the prime factors of 550737931.
113, 181, 26927
What are the prime factors of 574905784?
2, 727, 98849
What are the prime factors of 52888931?
353, 149827
List the prime factors of 8239734537.
3, 24631, 111509
What are the prime factors of 1317236495?
5, 263447299
List the prime factors of 711878270.
2, 5, 383, 185869
What are the prime factors of 1714909831?
23, 74561297
List the prime factors of 3483263153.
353, 9867601
What are the prime factors of 61625790?
2, 3, 5, 684731
What are the prime factors of 387019182?
2, 3, 11, 5863927
What are the prime factors of 3525008107?
107, 251, 131251
What are the prime factors of 91069462?
2, 11, 61, 79, 859
What are the prime factors of 1068203861?
1068203861
List the prime factors of 2140489106.
2, 7, 97, 229, 6883
List the prime factors of 1003869984.
2, 3, 13, 804383
List the prime factors of 108971276.
2, 41, 664459
List the prime factors of 96491609.
17, 59, 5659
What are the prime factors of 1179070350?
2, 3, 5, 7860469
What are the prime factors of 21591727?
79, 273313
List the prime factors of 848342440.
2, 5, 11, 739, 2609
List the prime factors of 31836847.
7, 4548121
List the prime factors of 2934228490.
2, 5, 10067, 29147
What are the prime factors of 2360922229?
41, 59, 975991
What are the prime factors of 56700543?
3, 23, 821747
List the prime factors of 2863570.
2, 5, 233, 1229
List the prime factors of 1463287875.
3, 5, 7, 557443
List the prime factors of 68315945.
5, 17, 803717
List the prime factors of 1369313295.
3, 5, 7, 1129, 11551
What are the prime factors of 196975016?
2, 7, 71, 107, 463
List the prime factors of 69450297.
3, 7, 67493
List the prime factors of 3015452874.
2, 3, 7, 19, 1129, 3347
List the prime factors of 5787017941.
9733, 594577
List the prime factors of 82016913.
3, 11, 239, 10399
What are the prime factors of 1133296720?
2, 5, 131, 108139
List the prime factors of 151161711.
3, 41, 739, 1663
What are the prime factors of 35190258?
2, 3, 5865043
What are the prime factors of 2306920721?
7, 329560103
List the prime factors of 154625023.
7, 73, 302593
List the prime factors of 679751697.
3, 43, 5269393
What are the prime factors of 437046088?
2, 54630761
What are the prime factors of 426024178?
2, 14551, 14639
What are the prime factors of 69126849?
3, 11, 698251
List the prime factors of 496662849.
3, 337, 163753
What are the prime factors of 30364174?
2, 311, 48817
What are the prime factors of 4415629696?
2, 47, 733981
What are the prime factors of 55256465?
5, 11, 19, 23
List the prime factors of 10093420.
2, 5, 504671
What are the prime factors of 1546567449?
3, 7, 23, 101, 647
List the prime factors of 2401068470.
2, 5, 240106847
What are the prime factors of 30638120?
2, 5, 765953
What are the prime factors of 897253535?
5, 269, 667103
List the prime factors of 4861844965.
5, 5659, 171827
List the prime factors of 310067443.
7, 6327907
List the prime factors of 2120649137.
40499, 52363
List the prime factors of 1985035615.
5, 223, 1780301
List the prime factors of 120872296.
2, 2141, 7057
What are the prime factors of 371214195?
3, 5, 11, 2249783
List the prime factors of 29863568.
2, 7, 23, 11593
List the prime factors of 1041125122.
2, 401, 1298161
What are the prime factors of 35258410?
2, 5, 11, 37, 8663
List the prime factors of 463601439.
3, 7, 499, 14747
What are the prime factors of 170387085?
3, 5, 11, 1032649
List the prime factors of 771982792.
2, 7, 13785407
What are the prime factors of 25418820?
2, 3, 5, 7, 60521
List the prime factors of 2198958312.
2, 3, 19, 4822277
What are the prime factors of 51779927?
401, 129127
What are the prime factors of 1021361693?
11, 92851063
What are the prime factors of 3060472812?
2, 3, 255039401
What are the prime factors of 246708710?
2, 5, 431, 57241
List the prime factors of 1167120026.
2, 229, 2548297
What are the prime factors of 19452621?
3, 6484207
What are the prime factors of 64976549?
11, 5906959
List the prime factors of 2153120801.
13, 857, 193261
List the prime factors of 7743386.
2, 7, 553099
What are the prime factors of 337603715?
5, 67520743
What are the prime factors of 32657484?
2, 3, 41, 66377
What are the prime factors of 502899404?
2, 7, 53, 109, 3109
List the prime factors of 32488534.
2, 13, 1249559
What are the prime factors of 34561187?
17, 31, 65581
List the prime factors of 362917573.
362917573
List the prime factors of 3500249184.
2, 3, 31, 392053
List the prime factors of 133959797.
23, 1423, 4093
List the prime factors of 10874234.
2, 7, 67, 11593
List the prime factors of 58771121.
61, 963461
What are the prime factors of 14715876?
2, 3, 7, 29, 863
What are the prime factors of 721724843?
7, 23, 509, 8807
What are the prime factors of 446794448?
2, 271, 103043
List the prime factors of 109959590.
2, 5, 13, 29, 29167
List the prime factors of 1353906676.
2, 338476669
List the prime factors of 824399424.
2, 3, 349, 1367
List the prime factors of 14185378.
2, 17, 417217
List the prime factors of 677245202.
2, 223, 1013, 1499
List the prime factors of 93404211.
3, 103, 302279
List the prime factors of 3528568381.
13, 37, 47, 127, 1229
List the prime factors of 25872605.
5, 11, 470411
List the prime factors of 5659291238.
2, 89, 2111, 15061
What are the prime factors of 167052816?
2, 3, 7, 103, 1609
List the prime factors of 3979934726.
2, 271, 7343053
List the prime factors of 1869268239.
3, 313, 373, 593
List the prime factors of 93741611.
19, 83, 59443
List the prime factors of 2064451091.
2064451091
What are the prime factors of 311689520?
2, 5, 1181, 3299
List the prime factors of 1405657038.
2, 3, 41, 61, 283, 331
What are the prime factors of 1679257024?
2, 173, 151667
List the prime factors of 162428295.
3, 5, 2693, 4021
What are the prime factors of 93705712?
2, 5856607
What are the prime factors of 3012644393?
11, 61, 89, 827
What are the prime factors of 8113484?
2, 2028371
List the prime factors of 24915045.
3, 5, 1661003
What are the prime factors of 4847511895?
5, 19, 37, 127, 10859
What are the prime factors of 6784177?
6784177
What are the prime factors of 37407706?
2, 7, 23, 5051
List the